actors of 9101?
19, 479
List the prime factors of 692.
2, 173
List the prime factors of 2056.
2, 257
What are the prime factors of 2034?
2, 3, 113
List the prime factors of 2118.
2, 3, 353
What are the prime factors of 57059?
57059
What are the prime factors of 1171?
1171
What are the prime factors of 1028?
2, 257
What are the prime factors of 2384?
2, 149
List the prime factors of 52666.
2, 17, 1549
List the prime factors of 547.
547
List the prime factors of 93541.
7, 23, 83
List the prime factors of 4034.
2, 2017
List the prime factors of 1879.
1879
What are the prime factors of 927?
3, 103
List the prime factors of 14045.
5, 53
List the prime factors of 10183.
17, 599
What are the prime factors of 2807?
7, 401
What are the prime factors of 736?
2, 23
What are the prime factors of 2018?
2, 1009
What are the prime factors of 18098?
2, 9049
List the prime factors of 65908.
2, 16477
What are the prime factors of 625?
5
List the prime factors of 71471.
71471
List the prime factors of 19251.
3, 23, 31
List the prime factors of 3208.
2, 401
List the prime factors of 1066.
2, 13, 41
What are the prime factors of 14091?
3, 7, 11, 61
What are the prime factors of 15980?
2, 5, 17, 47
List the prime factors of 29290.
2, 5, 29, 101
What are the prime factors of 2313?
3, 257
List the prime factors of 7352.
2, 919
List the prime factors of 115594.
2, 29, 1993
List the prime factors of 825.
3, 5, 11
What are the prime factors of 66629?
66629
What are the prime factors of 771?
3, 257
List the prime factors of 107908.
2, 53, 509
List the prime factors of 3782.
2, 31, 61
What are the prime factors of 1799?
7, 257
What are the prime factors of 20542?
2, 10271
List the prime factors of 2065.
5, 7, 59
What are the prime factors of 28359?
3, 23, 137
List the prime factors of 5528.
2, 691
List the prime factors of 2285.
5, 457
List the prime factors of 1634.
2, 19, 43
List the prime factors of 32322.
2, 3, 5387
What are the prime factors of 53416?
2, 11, 607
List the prime factors of 472.
2, 59
What are the prime factors of 1239?
3, 7, 59
List the prime factors of 3393.
3, 13, 29
List the prime factors of 7416.
2, 3, 103
List the prime factors of 557.
557
What are the prime factors of 31185?
3, 5, 7, 11
What are the prime factors of 1048?
2, 131
List the prime factors of 5213.
13, 401
What are the prime factors of 620?
2, 5, 31
What are the prime factors of 55280?
2, 5, 691
List the prime factors of 938.
2, 7, 67
List the prime factors of 12609.
3, 467
List the prime factors of 4623.
3, 23, 67
What are the prime factors of 10111?
10111
List the prime factors of 406.
2, 7, 29
What are the prime factors of 158?
2, 79
What are the prime factors of 1195?
5, 239
What are the prime factors of 10263?
3, 11, 311
List the prime factors of 79882.
2, 11, 3631
List the prime factors of 21410.
2, 5, 2141
List the prime factors of 7187.
7187
List the prime factors of 69.
3, 23
What are the prime factors of 6336?
2, 3, 11
List the prime factors of 6006.
2, 3, 7, 11, 13
What are the prime factors of 16312?
2, 2039
What are the prime factors of 1144?
2, 11, 13
List the prime factors of 1124.
2, 281
What are the prime factors of 467?
467
What are the prime factors of 1636?
2, 409
List the prime factors of 3587.
17, 211
List the prime factors of 2364.
2, 3, 197
List the prime factors of 1156.
2, 17
List the prime factors of 977.
977
List the prime factors of 3487.
11, 317
What are the prime factors of 300?
2, 3, 5
List the prime factors of 69035.
5, 13807
What are the prime factors of 62712?
2, 3, 13, 67
What are the prime factors of 80824?
2, 10103
What are the prime factors of 5701?
5701
List the prime factors of 5011.
5011
List the prime factors of 2006.
2, 17, 59
List the prime factors of 5567.
19, 293
List the prime factors of 6510.
2, 3, 5, 7, 31
List the prime factors of 1669.
1669
What are the prime factors of 713?
23, 31
What are the prime factors of 3262?
2, 7, 233
What are the prime factors of 34376?
2, 4297
What are the prime factors of 560?
2, 5, 7
List the prime factors of 810.
2, 3, 5
List the prime factors of 28522.
2, 13, 1097
What are the prime factors of 6919?
11, 17, 37
List the prime factors of 28585.
5, 5717
List the prime factors of 4911.
3, 1637
List the prime factors of 14354.
2, 7177
List the prime factors of 44794.
2, 22397
List the prime factors of 2326.
2, 1163
List the prime factors of 1396.
2, 349
List the prime factors of 1405.
5, 281
List the prime factors of 6809.
11, 619
List the prime factors of 149417.
149417
What are the prime factors of 114?
2, 3, 19
List the prime factors of 876.
2, 3, 73
List the prime factors of 24918.
2, 3, 4153
What are the prime factors of 982?
2, 491
List the prime factors of 4914.
2, 3, 7, 13
What are the prime factors of 3729?
3, 11, 113
What are the prime factors of 11936?
2, 373
What are the prime factors of 200?
2, 5
What are the prime factors of 30386?
2, 15193
What are the prime factors of 10381?
7, 1483
What are the prime factors of 53477?
53, 1009
What are the prime factors of 1477?
7, 211
List the prime factors of 2956.
2, 739
List the prime factors of 144931.
144931
List the prime factors of 1289.
1289
List the prime factors of 408.
2, 3, 17
List the prime factors of 82191.
3, 27397
List the prime factors of 18485.
5, 3697
List the prime factors of 47402.
2, 137, 173
List the prime factors of 17319.
3, 23, 251
List the prime factors of 1441.
11, 131
What are the prime factors of 62410?
2, 5, 79
List the prime factors of 721.
7, 103
What are the prime factors of 8984?
2, 1123
What are the prime factors of 617?
617
List the prime factors of 1348.
2, 337
List the prime factors of 902.
2, 11, 41
List the prime factors of 3040.
2, 5, 19
What are the prime factors of 138439?
7, 19777
What are the prime factors of 7663?
79, 97
List the prime factors of 28182.
2, 3, 7, 11, 61
What are the prime factors of 11921?
7, 13, 131
List the prime factors of 20728.
2, 2591
List the prime factors of 14547.
3, 13, 373
List the prime factors of 42048.
2, 3, 73
List the prime factors of 50492.
2, 13, 971
List the prime factors of 35878.
2, 17939
What are the prime factors of 602?
2, 7, 43
What are the prime factors of 4459?
7, 13
What are the prime factors of 55067?
53, 1039
What are the prime factors of 6870?
2, 3, 5, 229
What are the prime factors of 154306?
2, 77153
What are the prime factors of 668?
2, 167
List the prime factors of 3722.
2, 1861
What are the prime factors of 20044?
2, 5011
What are the prime factors of 19494?
2, 3, 19
List the prime factors of 4427.
19, 233
What are the prime factors of 1532?
2, 383
What are the prime factors of 5361?
3, 1787
What are the prime factors of 290?
2, 5, 29
List the prime factors of 730.
2, 5, 73
List the prime factors of 1792.
2, 7
List the prime factors of 5647.
5647
What are the prime factors of 115624?
2, 97, 149
List the prime factors of 982.
2, 491
What are the prime factors of 1204?
2, 7, 43
List the prime factors of 454.
2, 227
List the prime factors of 6167.
7, 881
List the prime factors of 87268.
2, 21817
List the prime factors of 19959.
3, 6653
List the prime factors of 1142.
2, 571
What are the prime factors of 99162?
2, 3, 7, 787
What are the prime factors of 1838?
2, 919
What are the prime factors of 46734?
2, 3, 7789
List the prime factors of 11165.
5, 7, 11, 29
List the prime factors of 228.
2, 3, 19
What are the prime factors of 123707?
123707
What are the prime factors of 14340?
2, 3, 5, 239
List the prime factors of 7075.
5, 283
What are the prime factors of 13876?
2, 3469
List the prime factors of 6.
2, 3
List the prime factors of 1486.
2, 743
What are the prime factors of 600?
2, 3, 5
What are the prime factors of 52246?
2, 151, 173
What are the prime factors of 1239?
3, 7, 59
What are the prime factors of 673?
673
What are the prime factors of 752?
2, 47
What are the prime factors of 81790?
2, 5, 8179
What are the prime factors of 5549?
31, 179
List the prime factors of 2436.
2, 3, 7, 29
What are the prime factors of 5043?
3, 41
List the prime factors of 6057.
3, 673
What are the prime factors of 13897?
13, 1069
What are the prime factors of 58281?
3, 19427
What are the prime factors of 11252?
2, 29, 97
List the prime factors of 244.
2, 61
What are the pr